{"id":3296,"date":"2021-05-07T09:49:05","date_gmt":"2021-05-07T09:49:05","guid":{"rendered":"https:\/\/konte.uix.store\/?post_type=product&#038;p=3296"},"modified":"2022-11-29T14:46:20","modified_gmt":"2022-11-29T14:46:20","slug":"buzgulu-optik-canta","status":"publish","type":"product","link":"https:\/\/yorumambalaj.com\/index.php\/urun\/buzgulu-optik-canta\/","title":{"rendered":"B\u00fczg\u00fcl\u00fc Optik \u00c7anta"},"content":{"rendered":"\t\t<div data-elementor-type=\"wp-post\" data-elementor-id=\"3296\" class=\"elementor elementor-3296\">\n\t\t\t\t\t\t<section class=\"elementor-section elementor-top-section elementor-element elementor-element-6ffa elementor-section-full_width elementor-section-height-default elementor-section-height-default\" data-id=\"6ffa\" data-element_type=\"section\">\n\t\t\t\t\t\t<div class=\"elementor-container elementor-column-gap-no\">\n\t\t\t\t\t<div class=\"elementor-column elementor-col-100 elementor-top-column elementor-element elementor-element-5225\" data-id=\"5225\" data-element_type=\"column\">\n\t\t\t<div class=\"elementor-widget-wrap elementor-element-populated\">\n\t\t\t\t\t\t<div class=\"elementor-element elementor-element-5897 elementor-widget elementor-widget-konte-banner\" data-id=\"5897\" data-element_type=\"widget\" data-widget_type=\"konte-banner.default\">\n\t\t\t\t<div class=\"elementor-widget-container\">\n\t\t\t\t\t<div class=\"konte-banner konte-banner--elementor konte-banner--hover-zoomin konte-banner--content-top-left konte-banner--button-visible-always\">\n\t\t\t\t\t\t\t<a href=\"#\">\n\t\t\t\t\t\t<span class=\"konte-banner__image-wrapper\"><img decoding=\"async\" src=\"https:\/\/i1.wp.com\/konte.uix.store\/wp-content\/uploads\/2018\/09\/jean-des-1.jpg\" alt=\"SLIM&lt;br&gt;TRAPERED&lt;br&gt;RIP&lt;br&gt;JEANS\"><\/span>\n\t\t\t<div class=\"konte-banner__content konte-banner-content--top-left\">\n\t\t\t\t\t\t\t\t\t\t\t\t\t<h3 class=\"konte-banner__title konte-banner__text\">SLIM<br>TRAPERED<br>RIP<br>JEANS<\/h3>\n\t\t\t\t\t\t\t\t\t\t\t\t\t\t\t\t\t<span class=\"konte-banner__button konte-button button-underline normal underline-small underline-left\" role=\"button\"> <\/span>\n\t\t\t\t\t\t\t<\/div>\n\t\t\t\t\t\t\t<\/a>\n\t\t\t\t\t<\/div>\n\t\t\t\t<\/div>\n\t\t\t\t<\/div>\n\t\t\t\t<section class=\"elementor-section elementor-inner-section elementor-element elementor-element-61c elementor-section-boxed elementor-section-height-default elementor-section-height-default\" data-id=\"61c\" data-element_type=\"section\">\n\t\t\t\t\t\t<div class=\"elementor-container elementor-column-gap-custom\">\n\t\t\t\t\t<div class=\"elementor-column elementor-col-50 elementor-inner-column elementor-element elementor-element-6733\" data-id=\"6733\" data-element_type=\"column\">\n\t\t\t<div class=\"elementor-widget-wrap elementor-element-populated\">\n\t\t\t\t\t\t<div class=\"elementor-element elementor-element-6a84 elementor-widget elementor-widget-konte-heading\" data-id=\"6a84\" data-element_type=\"widget\" data-widget_type=\"konte-heading.default\">\n\t\t\t\t<div class=\"elementor-widget-container\">\n\t\t\t<h2 class=\"konte-heading-title konte-heading-title--default\">Consectetur Adipisicing<\/h2>\t\t<\/div>\n\t\t\t\t<\/div>\n\t\t\t\t<div class=\"elementor-element elementor-element-426d elementor-widget elementor-widget-text-editor\" data-id=\"426d\" data-element_type=\"widget\" data-widget_type=\"text-editor.default\">\n\t\t\t\t<div class=\"elementor-widget-container\">\n\t\t\t<style>\/*! elementor - v3.22.0 - 26-06-2024 *\/\n.elementor-widget-text-editor.elementor-drop-cap-view-stacked .elementor-drop-cap{background-color:#69727d;color:#fff}.elementor-widget-text-editor.elementor-drop-cap-view-framed .elementor-drop-cap{color:#69727d;border:3px solid;background-color:transparent}.elementor-widget-text-editor:not(.elementor-drop-cap-view-default) .elementor-drop-cap{margin-top:8px}.elementor-widget-text-editor:not(.elementor-drop-cap-view-default) .elementor-drop-cap-letter{width:1em;height:1em}.elementor-widget-text-editor .elementor-drop-cap{float:left;text-align:center;line-height:1;font-size:50px}.elementor-widget-text-editor .elementor-drop-cap-letter{display:inline-block}<\/style>\t\t\t\tDuis aute irure dolor in reprehenderit in voluptate velit esse cillum dolore eu fugiat nulla pariatur. Excepteur sint occaecat cupidatat non proident, sunt in culpa qui officia deserunt mollit anim id est laborum. Sed ut perspiciatis unde omnis iste natus error.\t\t\t\t\t\t<\/div>\n\t\t\t\t<\/div>\n\t\t\t\t<div class=\"elementor-element elementor-element-2ea2 elementor-widget elementor-widget-konte-banner\" data-id=\"2ea2\" data-element_type=\"widget\" data-widget_type=\"konte-banner.default\">\n\t\t\t\t<div class=\"elementor-widget-container\">\n\t\t\t\t\t<div class=\"konte-banner konte-banner--elementor konte-banner--hover-zoomin konte-banner--content-top-left konte-banner--button-visible-always\">\n\t\t\t\t\t\t\t<a href=\"#\">\n\t\t\t\t\t\t<span class=\"konte-banner__image-wrapper\"><img decoding=\"async\" src=\"https:\/\/i2.wp.com\/konte.uix.store\/wp-content\/uploads\/2018\/09\/jean-des-3.jpg\" alt=\"\"><\/span>\n\t\t\t<div class=\"konte-banner__content konte-banner-content--top-left\">\n\t\t\t\t\t\t\t\t\t\t\t\t\t\t\t\t\t\t\t<\/div>\n\t\t\t\t\t\t\t<\/a>\n\t\t\t\t\t<\/div>\n\t\t\t\t<\/div>\n\t\t\t\t<\/div>\n\t\t\t\t\t<\/div>\n\t\t<\/div>\n\t\t\t\t<div class=\"elementor-column elementor-col-50 elementor-inner-column elementor-element elementor-element-438f\" data-id=\"438f\" data-element_type=\"column\">\n\t\t\t<div class=\"elementor-widget-wrap elementor-element-populated\">\n\t\t\t\t\t\t<div class=\"elementor-element elementor-element-2af0 elementor-widget elementor-widget-konte-banner\" data-id=\"2af0\" data-element_type=\"widget\" data-widget_type=\"konte-banner.default\">\n\t\t\t\t<div class=\"elementor-widget-container\">\n\t\t\t\t\t<div class=\"konte-banner konte-banner--elementor konte-banner--hover-zoomin konte-banner--content-top-left konte-banner--button-visible-always\">\n\t\t\t\t\t\t\t<a href=\"#\">\n\t\t\t\t\t\t<span class=\"konte-banner__image-wrapper\"><img decoding=\"async\" src=\"https:\/\/i1.wp.com\/konte.uix.store\/wp-content\/uploads\/2018\/09\/jean-des-2.jpg\" alt=\"\"><\/span>\n\t\t\t<div class=\"konte-banner__content konte-banner-content--top-left\">\n\t\t\t\t\t\t\t\t\t\t\t\t\t\t\t\t\t\t\t<\/div>\n\t\t\t\t\t\t\t<\/a>\n\t\t\t\t\t<\/div>\n\t\t\t\t<\/div>\n\t\t\t\t<\/div>\n\t\t\t\t<div class=\"elementor-element elementor-element-1869 elementor-widget elementor-widget-konte-heading\" data-id=\"1869\" data-element_type=\"widget\" data-widget_type=\"konte-heading.default\">\n\t\t\t\t<div class=\"elementor-widget-container\">\n\t\t\t<h2 class=\"konte-heading-title konte-heading-title--default\">Nostrud Exercitation<\/h2>\t\t<\/div>\n\t\t\t\t<\/div>\n\t\t\t\t<div class=\"elementor-element elementor-element-12ee elementor-widget elementor-widget-text-editor\" data-id=\"12ee\" data-element_type=\"widget\" data-widget_type=\"text-editor.default\">\n\t\t\t\t<div class=\"elementor-widget-container\">\n\t\t\t\t\t\t\tDuis aute irure dolor in reprehenderit in voluptate velit esse cillum dolore eu fugiat nulla pariatur. Excepteur sint occaecat cupidatat non proident, sunt in culpa qui officia deserunt mollit anim id est laborum. Sed ut perspiciatis unde omnis iste natus error.\t\t\t\t\t\t<\/div>\n\t\t\t\t<\/div>\n\t\t\t\t\t<\/div>\n\t\t<\/div>\n\t\t\t\t\t<\/div>\n\t\t<\/section>\n\t\t\t\t\t<\/div>\n\t\t<\/div>\n\t\t\t\t\t<\/div>\n\t\t<\/section>\n\t\t\t\t<\/div>\n\t\t","protected":false},"excerpt":{"rendered":"<p>B\u00fczg\u00fcl\u00fc Optik\u00a0\u00c7anta, nonwoven kuma\u015f ile ultrasonik kaynak diki\u015fi kullan\u0131larak \u00fcretilmi\u015f geri d\u00f6n\u00fc\u015ft\u00fcr\u00fclebilir \u00e7evre dostu \u00e7antad\u0131r.<\/p>\n<p>\u00d6l\u00e7\u00fcler iste\u011finiz \u00fczerine \u00f6zelle\u015ftirilebilir.<\/p>\n<p>G\u00f6rselin \u00f6l\u00e7\u00fcleri (en, boy, alt k\u00f6r\u00fck): 35x37x6 cm<\/p>\n","protected":false},"featured_media":4692,"comment_status":"closed","ping_status":"closed","template":"","meta":[],"product_cat":[157],"product_tag":[],"yoast_head":"<!-- This site is optimized with the Yoast SEO plugin v23.0 - https:\/\/yoast.com\/wordpress\/plugins\/seo\/ -->\n<title>B\u00fczg\u00fcl\u00fc Optik \u00c7anta - Yorum Ambalaj<\/title>\n<meta name=\"description\" content=\"B\u00fczg\u00fcl\u00fc Optik \u00c7anta | Eczane \u00c7antalar\u0131 | Bez \u00c7antalar | Ultrasonik Bez \u00c7antalar | Promosyon \u00c7antalar | Fuar \u00c7antalar\u0131 | Bez Torba ve Keseler..\" \/>\n<meta name=\"robots\" content=\"index, follow, max-snippet:-1, max-image-preview:large, max-video-preview:-1\" \/>\n<link rel=\"canonical\" href=\"https:\/\/yorumambalaj.com\/index.php\/urun\/buzgulu-optik-canta\/\" \/>\n<meta property=\"og:locale\" content=\"tr_TR\" \/>\n<meta property=\"og:type\" content=\"article\" \/>\n<meta property=\"og:title\" content=\"B\u00fczg\u00fcl\u00fc Optik \u00c7anta - Yorum Ambalaj\" \/>\n<meta property=\"og:description\" content=\"B\u00fczg\u00fcl\u00fc Optik \u00c7anta | Eczane \u00c7antalar\u0131 | Bez \u00c7antalar | Ultrasonik Bez \u00c7antalar | Promosyon \u00c7antalar | Fuar \u00c7antalar\u0131 | Bez Torba ve Keseler..\" \/>\n<meta property=\"og:url\" content=\"https:\/\/yorumambalaj.com\/index.php\/urun\/buzgulu-optik-canta\/\" \/>\n<meta property=\"og:site_name\" content=\"Yorum Ambalaj\" \/>\n<meta property=\"article:modified_time\" content=\"2022-11-29T14:46:20+00:00\" \/>\n<meta property=\"og:image\" content=\"https:\/\/yorumambalaj.com\/wp-content\/uploads\/2021\/05\/buzgulu_optik_canta.webp\" \/>\n\t<meta property=\"og:image:width\" content=\"1400\" \/>\n\t<meta property=\"og:image:height\" content=\"1600\" \/>\n\t<meta property=\"og:image:type\" content=\"image\/webp\" \/>\n<meta name=\"twitter:card\" content=\"summary_large_image\" \/>\n<meta name=\"twitter:label1\" content=\"Tahmini okuma s\u00fcresi\" \/>\n\t<meta name=\"twitter:data1\" content=\"2 dakika\" \/>\n<script type=\"application\/ld+json\" class=\"yoast-schema-graph\">{\"@context\":\"https:\/\/schema.org\",\"@graph\":[{\"@type\":\"WebPage\",\"@id\":\"https:\/\/yorumambalaj.com\/index.php\/urun\/buzgulu-optik-canta\/\",\"url\":\"https:\/\/yorumambalaj.com\/index.php\/urun\/buzgulu-optik-canta\/\",\"name\":\"B\u00fczg\u00fcl\u00fc Optik \u00c7anta - Yorum Ambalaj\",\"isPartOf\":{\"@id\":\"https:\/\/yorumambalaj.com\/#website\"},\"primaryImageOfPage\":{\"@id\":\"https:\/\/yorumambalaj.com\/index.php\/urun\/buzgulu-optik-canta\/#primaryimage\"},\"image\":{\"@id\":\"https:\/\/yorumambalaj.com\/index.php\/urun\/buzgulu-optik-canta\/#primaryimage\"},\"thumbnailUrl\":\"https:\/\/yorumambalaj.com\/wp-content\/uploads\/2021\/05\/buzgulu_optik_canta.webp\",\"datePublished\":\"2021-05-07T09:49:05+00:00\",\"dateModified\":\"2022-11-29T14:46:20+00:00\",\"description\":\"B\u00fczg\u00fcl\u00fc Optik \u00c7anta | Eczane \u00c7antalar\u0131 | Bez \u00c7antalar | Ultrasonik Bez \u00c7antalar | Promosyon \u00c7antalar | Fuar \u00c7antalar\u0131 | Bez Torba ve Keseler..\",\"breadcrumb\":{\"@id\":\"https:\/\/yorumambalaj.com\/index.php\/urun\/buzgulu-optik-canta\/#breadcrumb\"},\"inLanguage\":\"tr\",\"potentialAction\":[{\"@type\":\"ReadAction\",\"target\":[\"https:\/\/yorumambalaj.com\/index.php\/urun\/buzgulu-optik-canta\/\"]}]},{\"@type\":\"ImageObject\",\"inLanguage\":\"tr\",\"@id\":\"https:\/\/yorumambalaj.com\/index.php\/urun\/buzgulu-optik-canta\/#primaryimage\",\"url\":\"https:\/\/yorumambalaj.com\/wp-content\/uploads\/2021\/05\/buzgulu_optik_canta.webp\",\"contentUrl\":\"https:\/\/yorumambalaj.com\/wp-content\/uploads\/2021\/05\/buzgulu_optik_canta.webp\",\"width\":1400,\"height\":1600,\"caption\":\"Bez_canta, canta, bez_cantasi, bez_cantalari, ultrasonik_canta, ultrasonik_cantalar, ultrasonik_bez_canta, ultrasonik_bez_cantalari, optik_canta, optik_cantasi, optik_cantalari, optik_bez_canta, optik_bez_cantasi, optik_bez_cantalari, fuar_cantasi, fuar_canta, fuar_cantalari, fuar_bez_canta, fuar_bez_cantasi, fuar_bez_cantalari, promosyon_canta, promosyon_cantalari, promosyon_cantasi, promosyon_bez_canta, promosyon_bez_cantasi, promosyon_bez_cantalari, tela_canta, tela_cantasi, tela_cantalari, tela_bez_canta, tela_bez_cantasi, tela_bez_cantalari, nonwoven_canta, nonwoven_cantasi, nonwoven_cantalari, nonwoven_tela_canta, nonwoven_tela_cantasi, nonwoven_tela_cantalari, nonwoven_bez_canta, nonwoven_bez_cantasi, nonwoven_bez_cantalari, doga_dostu_canta, doga_dostu_cantasi, doga_dostu_cantalari, doga_dostu_bez_canta, doga_dostu_bez_cantasi, doga_dostu_bez_cantalari, bez_torba, bez_torbasi, bez_torbalari, magaza_canta, magaza_cantasi, magaza_cantalari, magaza_bez_canta, magaza_bez_cantasi, magaza_bez_cantalari, market_canta, market_cantasi, market_cantalari, eczane_canta, eczane_cantasi, eczane_cantalari, market_bez_canta, market_bez_cantasi, market_bez_cantalari, eczane_bez_canta, eczane_bez_cantasi, eczane_bez_cantalari, ultrasonik_torba, ultrasonik_torbasi, ultrasonik_torbalari, ultrasonik_bez_torba, ultrasonik_bez_torbasi, ultrasonik_bez_torbalari, optik_torba, optik_torbasi, optik_torbalari, optik_bez_torba, optik_bez_torbasi, optik_bez_torbalari, fuar_torba, fuar_torbasi, fuar_torbalari, fuar_bez_torba, fuar_bez_torbasi, fuar_bez_torbalari, promosyon_torba, promosyon_torbasi, promosyon_torbalari, promosyon_bez_torba, promosyon_bez_torbasi, promosyon_bez_torbalari, tela_torba, tela_torbasi, tela_torbalari, tela_bez_torba, tela_bez_torbasi, tela_bez_torbalari, nonwoven_torba, nonwoven_torbasi, nonwoven_torbalari, nonwoven_bez_torba, nonwoven_bez_torbasi, nonwoven_bez_torbalari, doga_dostu_torba, doga_dostu_torbalar, doga_dostu_bez_torba, doga_dostu_bez_torbalar, doga_dostu_bez_torbalari, magaza_torba, magaza_torbasi, magaza_torbalari, magaza_bez_torba, magaza_bez_torbasi, magaza_bez_torbalari, market_torba, market_torbasi, market_torbalari, market_bez_torba, market_bez_torbasi, market_bez_torbalari, eczane_torba, eczane_torbasi, eczane_torbalari, eczane_bez_torba, eczane_bez_torbasi, eczane_bez_torbalari\"},{\"@type\":\"BreadcrumbList\",\"@id\":\"https:\/\/yorumambalaj.com\/index.php\/urun\/buzgulu-optik-canta\/#breadcrumb\",\"itemListElement\":[{\"@type\":\"ListItem\",\"position\":1,\"name\":\"Anasayfa\",\"item\":\"https:\/\/yorumambalaj.com\/\"},{\"@type\":\"ListItem\",\"position\":2,\"name\":\"\u00dcr\u00fcnler\",\"item\":\"https:\/\/yorumambalaj.com\/index.php\/urunler\/\"},{\"@type\":\"ListItem\",\"position\":3,\"name\":\"B\u00fczg\u00fcl\u00fc Optik \u00c7anta\"}]},{\"@type\":\"WebSite\",\"@id\":\"https:\/\/yorumambalaj.com\/#website\",\"url\":\"https:\/\/yorumambalaj.com\/\",\"name\":\"Yorum Ambalaj\",\"description\":\"\",\"publisher\":{\"@id\":\"https:\/\/yorumambalaj.com\/#organization\"},\"potentialAction\":[{\"@type\":\"SearchAction\",\"target\":{\"@type\":\"EntryPoint\",\"urlTemplate\":\"https:\/\/yorumambalaj.com\/?s={search_term_string}\"},\"query-input\":\"required name=search_term_string\"}],\"inLanguage\":\"tr\"},{\"@type\":\"Organization\",\"@id\":\"https:\/\/yorumambalaj.com\/#organization\",\"name\":\"Yorum Ambalaj\",\"url\":\"https:\/\/yorumambalaj.com\/\",\"logo\":{\"@type\":\"ImageObject\",\"inLanguage\":\"tr\",\"@id\":\"https:\/\/yorumambalaj.com\/#\/schema\/logo\/image\/\",\"url\":\"https:\/\/yorumambalaj.com\/wp-content\/uploads\/2022\/12\/logo-1001.png\",\"contentUrl\":\"https:\/\/yorumambalaj.com\/wp-content\/uploads\/2022\/12\/logo-1001.png\",\"width\":1442,\"height\":710,\"caption\":\"Yorum Ambalaj\"},\"image\":{\"@id\":\"https:\/\/yorumambalaj.com\/#\/schema\/logo\/image\/\"}}]}<\/script>\n<!-- \/ Yoast SEO plugin. -->","yoast_head_json":{"title":"B\u00fczg\u00fcl\u00fc Optik \u00c7anta - Yorum Ambalaj","description":"B\u00fczg\u00fcl\u00fc Optik \u00c7anta | Eczane \u00c7antalar\u0131 | Bez \u00c7antalar | Ultrasonik Bez \u00c7antalar | Promosyon \u00c7antalar | Fuar \u00c7antalar\u0131 | Bez Torba ve Keseler..","robots":{"index":"index","follow":"follow","max-snippet":"max-snippet:-1","max-image-preview":"max-image-preview:large","max-video-preview":"max-video-preview:-1"},"canonical":"https:\/\/yorumambalaj.com\/index.php\/urun\/buzgulu-optik-canta\/","og_locale":"tr_TR","og_type":"article","og_title":"B\u00fczg\u00fcl\u00fc Optik \u00c7anta - Yorum Ambalaj","og_description":"B\u00fczg\u00fcl\u00fc Optik \u00c7anta | Eczane \u00c7antalar\u0131 | Bez \u00c7antalar | Ultrasonik Bez \u00c7antalar | Promosyon \u00c7antalar | Fuar \u00c7antalar\u0131 | Bez Torba ve Keseler..","og_url":"https:\/\/yorumambalaj.com\/index.php\/urun\/buzgulu-optik-canta\/","og_site_name":"Yorum Ambalaj","article_modified_time":"2022-11-29T14:46:20+00:00","og_image":[{"width":1400,"height":1600,"url":"https:\/\/yorumambalaj.com\/wp-content\/uploads\/2021\/05\/buzgulu_optik_canta.webp","type":"image\/webp"}],"twitter_card":"summary_large_image","twitter_misc":{"Tahmini okuma s\u00fcresi":"2 dakika"},"schema":{"@context":"https:\/\/schema.org","@graph":[{"@type":"WebPage","@id":"https:\/\/yorumambalaj.com\/index.php\/urun\/buzgulu-optik-canta\/","url":"https:\/\/yorumambalaj.com\/index.php\/urun\/buzgulu-optik-canta\/","name":"B\u00fczg\u00fcl\u00fc Optik \u00c7anta - Yorum Ambalaj","isPartOf":{"@id":"https:\/\/yorumambalaj.com\/#website"},"primaryImageOfPage":{"@id":"https:\/\/yorumambalaj.com\/index.php\/urun\/buzgulu-optik-canta\/#primaryimage"},"image":{"@id":"https:\/\/yorumambalaj.com\/index.php\/urun\/buzgulu-optik-canta\/#primaryimage"},"thumbnailUrl":"https:\/\/yorumambalaj.com\/wp-content\/uploads\/2021\/05\/buzgulu_optik_canta.webp","datePublished":"2021-05-07T09:49:05+00:00","dateModified":"2022-11-29T14:46:20+00:00","description":"B\u00fczg\u00fcl\u00fc Optik \u00c7anta | Eczane \u00c7antalar\u0131 | Bez \u00c7antalar | Ultrasonik Bez \u00c7antalar | Promosyon \u00c7antalar | Fuar \u00c7antalar\u0131 | Bez Torba ve Keseler..","breadcrumb":{"@id":"https:\/\/yorumambalaj.com\/index.php\/urun\/buzgulu-optik-canta\/#breadcrumb"},"inLanguage":"tr","potentialAction":[{"@type":"ReadAction","target":["https:\/\/yorumambalaj.com\/index.php\/urun\/buzgulu-optik-canta\/"]}]},{"@type":"ImageObject","inLanguage":"tr","@id":"https:\/\/yorumambalaj.com\/index.php\/urun\/buzgulu-optik-canta\/#primaryimage","url":"https:\/\/yorumambalaj.com\/wp-content\/uploads\/2021\/05\/buzgulu_optik_canta.webp","contentUrl":"https:\/\/yorumambalaj.com\/wp-content\/uploads\/2021\/05\/buzgulu_optik_canta.webp","width":1400,"height":1600,"caption":"Bez_canta, canta, bez_cantasi, bez_cantalari, ultrasonik_canta, ultrasonik_cantalar, ultrasonik_bez_canta, ultrasonik_bez_cantalari, optik_canta, optik_cantasi, optik_cantalari, optik_bez_canta, optik_bez_cantasi, optik_bez_cantalari, fuar_cantasi, fuar_canta, fuar_cantalari, fuar_bez_canta, fuar_bez_cantasi, fuar_bez_cantalari, promosyon_canta, promosyon_cantalari, promosyon_cantasi, promosyon_bez_canta, promosyon_bez_cantasi, promosyon_bez_cantalari, tela_canta, tela_cantasi, tela_cantalari, tela_bez_canta, tela_bez_cantasi, tela_bez_cantalari, nonwoven_canta, nonwoven_cantasi, nonwoven_cantalari, nonwoven_tela_canta, nonwoven_tela_cantasi, nonwoven_tela_cantalari, nonwoven_bez_canta, nonwoven_bez_cantasi, nonwoven_bez_cantalari, doga_dostu_canta, doga_dostu_cantasi, doga_dostu_cantalari, doga_dostu_bez_canta, doga_dostu_bez_cantasi, doga_dostu_bez_cantalari, bez_torba, bez_torbasi, bez_torbalari, magaza_canta, magaza_cantasi, magaza_cantalari, magaza_bez_canta, magaza_bez_cantasi, magaza_bez_cantalari, market_canta, market_cantasi, market_cantalari, eczane_canta, eczane_cantasi, eczane_cantalari, market_bez_canta, market_bez_cantasi, market_bez_cantalari, eczane_bez_canta, eczane_bez_cantasi, eczane_bez_cantalari, ultrasonik_torba, ultrasonik_torbasi, ultrasonik_torbalari, ultrasonik_bez_torba, ultrasonik_bez_torbasi, ultrasonik_bez_torbalari, optik_torba, optik_torbasi, optik_torbalari, optik_bez_torba, optik_bez_torbasi, optik_bez_torbalari, fuar_torba, fuar_torbasi, fuar_torbalari, fuar_bez_torba, fuar_bez_torbasi, fuar_bez_torbalari, promosyon_torba, promosyon_torbasi, promosyon_torbalari, promosyon_bez_torba, promosyon_bez_torbasi, promosyon_bez_torbalari, tela_torba, tela_torbasi, tela_torbalari, tela_bez_torba, tela_bez_torbasi, tela_bez_torbalari, nonwoven_torba, nonwoven_torbasi, nonwoven_torbalari, nonwoven_bez_torba, nonwoven_bez_torbasi, nonwoven_bez_torbalari, doga_dostu_torba, doga_dostu_torbalar, doga_dostu_bez_torba, doga_dostu_bez_torbalar, doga_dostu_bez_torbalari, magaza_torba, magaza_torbasi, magaza_torbalari, magaza_bez_torba, magaza_bez_torbasi, magaza_bez_torbalari, market_torba, market_torbasi, market_torbalari, market_bez_torba, market_bez_torbasi, market_bez_torbalari, eczane_torba, eczane_torbasi, eczane_torbalari, eczane_bez_torba, eczane_bez_torbasi, eczane_bez_torbalari"},{"@type":"BreadcrumbList","@id":"https:\/\/yorumambalaj.com\/index.php\/urun\/buzgulu-optik-canta\/#breadcrumb","itemListElement":[{"@type":"ListItem","position":1,"name":"Anasayfa","item":"https:\/\/yorumambalaj.com\/"},{"@type":"ListItem","position":2,"name":"\u00dcr\u00fcnler","item":"https:\/\/yorumambalaj.com\/index.php\/urunler\/"},{"@type":"ListItem","position":3,"name":"B\u00fczg\u00fcl\u00fc Optik \u00c7anta"}]},{"@type":"WebSite","@id":"https:\/\/yorumambalaj.com\/#website","url":"https:\/\/yorumambalaj.com\/","name":"Yorum Ambalaj","description":"","publisher":{"@id":"https:\/\/yorumambalaj.com\/#organization"},"potentialAction":[{"@type":"SearchAction","target":{"@type":"EntryPoint","urlTemplate":"https:\/\/yorumambalaj.com\/?s={search_term_string}"},"query-input":"required name=search_term_string"}],"inLanguage":"tr"},{"@type":"Organization","@id":"https:\/\/yorumambalaj.com\/#organization","name":"Yorum Ambalaj","url":"https:\/\/yorumambalaj.com\/","logo":{"@type":"ImageObject","inLanguage":"tr","@id":"https:\/\/yorumambalaj.com\/#\/schema\/logo\/image\/","url":"https:\/\/yorumambalaj.com\/wp-content\/uploads\/2022\/12\/logo-1001.png","contentUrl":"https:\/\/yorumambalaj.com\/wp-content\/uploads\/2022\/12\/logo-1001.png","width":1442,"height":710,"caption":"Yorum Ambalaj"},"image":{"@id":"https:\/\/yorumambalaj.com\/#\/schema\/logo\/image\/"}}]}},"_links":{"self":[{"href":"https:\/\/yorumambalaj.com\/index.php\/wp-json\/wp\/v2\/product\/3296"}],"collection":[{"href":"https:\/\/yorumambalaj.com\/index.php\/wp-json\/wp\/v2\/product"}],"about":[{"href":"https:\/\/yorumambalaj.com\/index.php\/wp-json\/wp\/v2\/types\/product"}],"replies":[{"embeddable":true,"href":"https:\/\/yorumambalaj.com\/index.php\/wp-json\/wp\/v2\/comments?post=3296"}],"wp:featuredmedia":[{"embeddable":true,"href":"https:\/\/yorumambalaj.com\/index.php\/wp-json\/wp\/v2\/media\/4692"}],"wp:attachment":[{"href":"https:\/\/yorumambalaj.com\/index.php\/wp-json\/wp\/v2\/media?parent=3296"}],"wp:term":[{"taxonomy":"product_cat","embeddable":true,"href":"https:\/\/yorumambalaj.com\/index.php\/wp-json\/wp\/v2\/product_cat?post=3296"},{"taxonomy":"product_tag","embeddable":true,"href":"https:\/\/yorumambalaj.com\/index.php\/wp-json\/wp\/v2\/product_tag?post=3296"}],"curies":[{"name":"wp","href":"https:\/\/api.w.org\/{rel}","templated":true}]}}